{"id":478,"date":"2024-10-12T16:00:47","date_gmt":"2024-10-12T14:00:47","guid":{"rendered":"https:\/\/ecritsetdialogues.fr\/?post_type=tribe_events&#038;p=478"},"modified":"2025-01-07T15:44:46","modified_gmt":"2025-01-07T14:44:46","slug":"exposition-chez-marguerite-duras","status":"publish","type":"tribe_events","link":"https:\/\/ecritsetdialogues.fr\/index.php\/evenement\/exposition-chez-marguerite-duras\/","title":{"rendered":"Exposition I Chez Marguerite Duras"},"content":{"rendered":"<p>7 JANVIER &#8211; 8 F\u00c9VRIER \u00c0 LA BIBLIOTH\u00c8QUE MUNICIPALE DE TOURS<\/p>\n<p>7 JANVIER &#8211; 28 F\u00c9VRIER \u00c0 LA LIBRAIRIE LA BO\u00ceTE A LIVRES<\/p>\n<p>Les lieux de vie de Marguerite Duras photographi\u00e9s par Catherine Faux, proche de Marguerite Duras et compagne de son fils, Jean Mascolo.<\/p>\n<p>Photographies sensibles et intimes des Int\u00e9rieurs Livre unique. Photos originales et in\u00e9dites Expositions concomitantes \u00e0 la sortie du livre<\/p>\n<p><em>Les lieux de Marguerite Duras, Neauphle-le-Ch\u00e2teau, Les Roches Noires \u00e0 Trouville&#8230; \u00ab\u00a0demeurent dans le sillage de celle qui les a occup\u00e9s, comme des \u00e2mes, \u00e0 se rappeler, \u00e0 attendre, \u00e0 esp\u00e9rer \u00ab\u00a0, non comme des mausol\u00e9es glac\u00e9s, mais comme des fr\u00e9missements spirituels, porteurs d&rsquo;une gr\u00e2ce toujours intacte (&#8230;) Duras absente mais infiniment pr\u00e9sente dans l&rsquo;\u00e9vocation de ces lieux qu&rsquo;elle aimait.<\/p>\n<p>L&rsquo;oeil de Catherine Faux, depuis longtemps familier de l&rsquo;univers durassien, a su capter ces choses-l\u00e0, indicibles et immat\u00e9rielles.<\/p>\n<p>Les pi\u00e8ces que Catherine Faux a photographi\u00e9es, les coins et les recoins, les d\u00e9tails et les fen\u00eatres qui ouvrent sur le jardin, parviennent \u00e0 retenir l&rsquo;histoire nocturne et lumineuse \u00e0 la fois, souveraine en tout cas, de Marguerite Duras. L&rsquo;\u00e9motion surgit \u00e0 chaque photographie parce qu&rsquo;elle r\u00e9ussit \u00e0 atteindre au plus vrai de ce que Duras nous a toujours rapport\u00e9 et confi\u00e9 : l&rsquo;\u00e9criture atteinte dans le d\u00e9pouillement, la tendresse des tissus fan\u00e9s, et peut-\u00eatre m\u00eame la trace de son corps sur le petit canap\u00e9 d&rsquo;appoint&#8230;<\/em> (Alain Vircondelet)<\/p>\n<p>Extrait de la pr\u00e9face d&rsquo;Alain VIRCONDELET pour l&rsquo;ouvrage <em>Chez Marguerite Duras<\/em> (titre en italique) de Catherine FAUX<\/p>\n<p>\u00c9diteur : Ateliers Henry Dougier<\/p>\n<p>Date de parution 07\/11\/2024<\/p>\n","protected":false},"excerpt":{"rendered":"<p>7 JANVIER &#8211; 8 F\u00c9VRIER \u00c0 LA BIBLIOTH\u00c8QUE MUNICIPALE DE TOURS 7 JANVIER &#8211; 28 F\u00c9VRIER \u00c0 LA LIBRAIRIE LA BO\u00ceTE A LIVRES Les lieux de vie de Marguerite Duras [&hellip;]<\/p>\n","protected":false},"author":1,"featured_media":479,"template":"","meta":{"_et_pb_use_builder":"","_et_pb_old_content":"","_et_gb_content_width":"","_tribe_events_status":"","_tribe_events_status_reason":"","footnotes":""},"tags":[],"tribe_events_cat":[3,8],"class_list":["post-478","tribe_events","type-tribe_events","status-publish","has-post-thumbnail","hentry","tribe_events_cat-expositions","tribe_events_cat-rencontres","cat_expositions","cat_rencontres"],"_links":{"self":[{"href":"https:\/\/ecritsetdialogues.fr\/index.php\/wp-json\/wp\/v2\/tribe_events\/478","targetHints":{"allow":["GET"]}}],"collection":[{"href":"https:\/\/ecritsetdialogues.fr\/index.php\/wp-json\/wp\/v2\/tribe_events"}],"about":[{"href":"https:\/\/ecritsetdialogues.fr\/index.php\/wp-json\/wp\/v2\/types\/tribe_events"}],"author":[{"embeddable":true,"href":"https:\/\/ecritsetdialogues.fr\/index.php\/wp-json\/wp\/v2\/users\/1"}],"version-history":[{"count":24,"href":"https:\/\/ecritsetdialogues.fr\/index.php\/wp-json\/wp\/v2\/tribe_events\/478\/revisions"}],"predecessor-version":[{"id":1292,"href":"https:\/\/ecritsetdialogues.fr\/index.php\/wp-json\/wp\/v2\/tribe_events\/478\/revisions\/1292"}],"wp:featuredmedia":[{"embeddable":true,"href":"https:\/\/ecritsetdialogues.fr\/index.php\/wp-json\/wp\/v2\/media\/479"}],"wp:attachment":[{"href":"https:\/\/ecritsetdialogues.fr\/index.php\/wp-json\/wp\/v2\/media?parent=478"}],"wp:term":[{"taxonomy":"post_tag","embeddable":true,"href":"https:\/\/ecritsetdialogues.fr\/index.php\/wp-json\/wp\/v2\/tags?post=478"},{"taxonomy":"tribe_events_cat","embeddable":true,"href":"https:\/\/ecritsetdialogues.fr\/index.php\/wp-json\/wp\/v2\/tribe_events_cat?post=478"}],"curies":[{"name":"wp","href":"https:\/\/api.w.org\/{rel}","templated":true}]}}

<p>7 JANVIER &#8211; 8 FÉVRIER À LA BIBLIOTHÈQUE MUNICIPALE DE TOURS</p>
<p>7 JANVIER &#8211; 28 FÉVRIER À LA LIBRAIRIE LA BOÎTE A LIVRES</p>
<p>Les lieux de vie de Marguerite Duras photographiés par Catherine Faux, proche de Marguerite Duras et compagne de son fils, Jean Mascolo.</p>
<p>Photographies sensibles et intimes des Intérieurs Livre unique. Photos originales et inédites Expositions concomitantes à la sortie du livre</p>
<p><em>Les lieux de Marguerite Duras, Neauphle-le-Château, Les Roches Noires à Trouville&#8230; « demeurent dans le sillage de celle qui les a occupés, comme des âmes, à se rappeler, à attendre, à espérer « , non comme des mausolées glacés, mais comme des frémissements spirituels, porteurs d&rsquo;une grâce toujours intacte (&#8230;) Duras absente mais infiniment présente dans l&rsquo;évocation de ces lieux qu&rsquo;elle aimait.</p>
<p>L&rsquo;oeil de Catherine Faux, depuis longtemps familier de l&rsquo;univers durassien, a su capter ces choses-là, indicibles et immatérielles.</p>
<p>Les pièces que Catherine Faux a photographiées, les coins et les recoins, les détails et les fenêtres qui ouvrent sur le jardin, parviennent à retenir l&rsquo;histoire nocturne et lumineuse à la fois, souveraine en tout cas, de Marguerite Duras. L&rsquo;émotion surgit à chaque photographie parce qu&rsquo;elle réussit à atteindre au plus vrai de ce que Duras nous a toujours rapporté et confié : l&rsquo;écriture atteinte dans le dépouillement, la tendresse des tissus fanés, et peut-être même la trace de son corps sur le petit canapé d&rsquo;appoint&#8230;</em> (Alain Vircondelet)</p>
<p>Extrait de la préface d&rsquo;Alain VIRCONDELET pour l&rsquo;ouvrage <em>Chez Marguerite Duras</em> (titre en italique) de Catherine FAUX</p>
<p>Éditeur : Ateliers Henry Dougier</p>
<p>Date de parution 07/11/2024</p>

<p>7 JANVIER &#8211; 8 FÉVRIER À LA BIBLIOTHÈQUE MUNICIPALE DE TOURS 7 JANVIER &#8211; 28 FÉVRIER À LA LIBRAIRIE LA BOÎTE A LIVRES Les lieux de vie de Marguerite Duras [&hellip;]</p>
