{"id":460,"date":"2024-10-05T17:47:46","date_gmt":"2024-10-05T15:47:46","guid":{"rendered":"https:\/\/ecritsetdialogues.fr\/?post_type=tribe_events&#038;p=460"},"modified":"2025-05-23T22:55:08","modified_gmt":"2025-05-23T20:55:08","slug":"cinema-les-enfants","status":"publish","type":"tribe_events","link":"https:\/\/ecritsetdialogues.fr\/index.php\/evenement\/cinema-les-enfants\/","title":{"rendered":"Cin\u00e9ma | Les enfants"},"content":{"rendered":"<p>VENDREDI 7 F\u00c9VRIER &#8211; 19 H 30<\/p>\n<p><em><br \/>\nLes Enfants<\/em><\/p>\n<p>Ernesto n&rsquo;est pas un enfant comme les autres. Il a sept ans mais il en para\u00eet vingt-cinq. Ses parents ne s&rsquo;\u00e9tonnent pas : ce sont des gens simples. Enrico, le p\u00e8re, est un immigr\u00e9 italien qui cherche avant tout \u00e0 ce que tout aille bien. Quant \u00e0 Natasha, la m\u00e8re, elle a d\u00e9cid\u00e9 une fois pour toutes qu&rsquo;elle ne comprenait rien \u00e0 son fils. Lorsqu&rsquo;il dit son intention de quitter l&rsquo;\u00e9cole, elle comprend encore moins. Ni Enrico ni elle n&rsquo;auraient pu imaginer un seul instant qu&rsquo;Ernesto voudrait arr\u00eater parce qu&rsquo;on lui apprend l\u00e0 ce qu&rsquo;il ne conna\u00eet pas. Pour tenter d&rsquo;\u00e9claircir les choses, ils vont avec Ernesto voir le directeur de l&rsquo;\u00e9cole. Celui-ci ne comprend pas plus. L&rsquo;affaire alors commence \u00e0 se savoir. Un journaliste vient interroger Ernesto. Ses r\u00e9ponses lui paraissent tellement sibyllines qu&rsquo;il s&rsquo;enfuit sans rien comprendre lui non plus. Bient\u00f4t Nicole, la soeur d&rsquo;Ernesto, se met de la partie. Mais les pens\u00e9es d&rsquo;Ernesto restent toujours aussi inexpliqu\u00e9es&#8230;<\/p>\n<p>Un long-m\u00e9trage de Marguerite Duras, Jean-Marc Turine, Jean Mascolo<br \/>\nProduit par Les Productions Berthemont<br \/>\nAnn\u00e9e de production 1984<\/p>\n<p>\u00a9 Jean Mascolo<\/p>\n<p>Tarifs habituels des Cin\u00e9mas <em>Studio<\/em><\/p>\n","protected":false},"excerpt":{"rendered":"<p>VENDREDI 7 F\u00c9VRIER &#8211; 19 H 30 Les Enfants Ernesto n&rsquo;est pas un enfant comme les autres. Il a sept ans mais il en para\u00eet vingt-cinq. Ses parents ne s&rsquo;\u00e9tonnent [&hellip;]<\/p>\n","protected":false},"author":1,"featured_media":461,"template":"","meta":{"_et_pb_use_builder":"","_et_pb_old_content":"","_et_gb_content_width":"","_tribe_events_status":"","_tribe_events_status_reason":"","footnotes":""},"tags":[],"tribe_events_cat":[6,8],"class_list":["post-460","tribe_events","type-tribe_events","status-publish","has-post-thumbnail","hentry","tribe_events_cat-cinema","tribe_events_cat-rencontres","cat_cinema","cat_rencontres"],"_links":{"self":[{"href":"https:\/\/ecritsetdialogues.fr\/index.php\/wp-json\/wp\/v2\/tribe_events\/460","targetHints":{"allow":["GET"]}}],"collection":[{"href":"https:\/\/ecritsetdialogues.fr\/index.php\/wp-json\/wp\/v2\/tribe_events"}],"about":[{"href":"https:\/\/ecritsetdialogues.fr\/index.php\/wp-json\/wp\/v2\/types\/tribe_events"}],"author":[{"embeddable":true,"href":"https:\/\/ecritsetdialogues.fr\/index.php\/wp-json\/wp\/v2\/users\/1"}],"version-history":[{"count":13,"href":"https:\/\/ecritsetdialogues.fr\/index.php\/wp-json\/wp\/v2\/tribe_events\/460\/revisions"}],"predecessor-version":[{"id":1192,"href":"https:\/\/ecritsetdialogues.fr\/index.php\/wp-json\/wp\/v2\/tribe_events\/460\/revisions\/1192"}],"wp:featuredmedia":[{"embeddable":true,"href":"https:\/\/ecritsetdialogues.fr\/index.php\/wp-json\/wp\/v2\/media\/461"}],"wp:attachment":[{"href":"https:\/\/ecritsetdialogues.fr\/index.php\/wp-json\/wp\/v2\/media?parent=460"}],"wp:term":[{"taxonomy":"post_tag","embeddable":true,"href":"https:\/\/ecritsetdialogues.fr\/index.php\/wp-json\/wp\/v2\/tags?post=460"},{"taxonomy":"tribe_events_cat","embeddable":true,"href":"https:\/\/ecritsetdialogues.fr\/index.php\/wp-json\/wp\/v2\/tribe_events_cat?post=460"}],"curies":[{"name":"wp","href":"https:\/\/api.w.org\/{rel}","templated":true}]}}

Cinéma | Les enfants

<p>VENDREDI 7 FÉVRIER &#8211; 19 H 30</p>
<p><em><br />
Les Enfants</em></p>
<p>Ernesto n&rsquo;est pas un enfant comme les autres. Il a sept ans mais il en paraît vingt-cinq. Ses parents ne s&rsquo;étonnent pas : ce sont des gens simples. Enrico, le père, est un immigré italien qui cherche avant tout à ce que tout aille bien. Quant à Natasha, la mère, elle a décidé une fois pour toutes qu&rsquo;elle ne comprenait rien à son fils. Lorsqu&rsquo;il dit son intention de quitter l&rsquo;école, elle comprend encore moins. Ni Enrico ni elle n&rsquo;auraient pu imaginer un seul instant qu&rsquo;Ernesto voudrait arrêter parce qu&rsquo;on lui apprend là ce qu&rsquo;il ne connaît pas. Pour tenter d&rsquo;éclaircir les choses, ils vont avec Ernesto voir le directeur de l&rsquo;école. Celui-ci ne comprend pas plus. L&rsquo;affaire alors commence à se savoir. Un journaliste vient interroger Ernesto. Ses réponses lui paraissent tellement sibyllines qu&rsquo;il s&rsquo;enfuit sans rien comprendre lui non plus. Bientôt Nicole, la soeur d&rsquo;Ernesto, se met de la partie. Mais les pensées d&rsquo;Ernesto restent toujours aussi inexpliquées&#8230;</p>
<p>Un long-métrage de Marguerite Duras, Jean-Marc Turine, Jean Mascolo<br />
Produit par Les Productions Berthemont<br />
Année de production 1984</p>
<p>© Jean Mascolo</p>
<p>Tarifs habituels des Cinémas <em>Studio</em></p>

<p>VENDREDI 7 FÉVRIER &#8211; 19 H 30 Les Enfants Ernesto n&rsquo;est pas un enfant comme les autres. Il a sept ans mais il en paraît vingt-cinq. Ses parents ne s&rsquo;étonnent [&hellip;]</p>
